{"id":664,"date":"2020-12-14T10:03:54","date_gmt":"2020-12-14T10:03:54","guid":{"rendered":"http:\/\/webdev02.ticnux.com\/dicere\/?page_id=664"},"modified":"2021-09-15T11:20:27","modified_gmt":"2021-09-15T11:20:27","slug":"founders","status":"publish","type":"page","link":"http:\/\/webdev02.ticnux.com\/dicere\/founders\/?lang=es","title":{"rendered":"FOUNDERS"},"content":{"rendered":"\t\t<div data-elementor-type=\"wp-page\" data-elementor-id=\"664\" class=\"elementor elementor-664\" data-elementor-settings=\"[]\">\n\t\t\t\t\t\t<div class=\"elementor-inner\">\n\t\t\t\t\t\t\t<div class=\"elementor-section-wrap\">\n\t\t\t\t\t\t\t<section class=\"has_eae_slider elementor-section elementor-top-section elementor-element elementor-element-d4fc768 elementor-section-full_width elementor-section-height-min-height elementor-section-items-top elementor-section-height-default\" data-id=\"d4fc768\" data-element_type=\"section\" data-settings=\"{&quot;background_background&quot;:&quot;classic&quot;}\">\n\t\t\t\t\t\t<div class=\"elementor-container elementor-column-gap-default\">\n\t\t\t\t\t\t\t<div class=\"elementor-row\">\n\t\t\t\t\t<div class=\"has_eae_slider elementor-column elementor-col-100 elementor-top-column elementor-element elementor-element-100f465\" data-id=\"100f465\" data-element_type=\"column\">\n\t\t\t<div class=\"elementor-column-wrap elementor-element-populated\">\n\t\t\t\t\t\t\t<div class=\"elementor-widget-wrap\">\n\t\t\t\t\t\t<div class=\"elementor-element elementor-element-68277e5 elementor-widget elementor-widget-heading\" data-id=\"68277e5\" data-element_type=\"widget\" data-widget_type=\"heading.default\">\n\t\t\t\t<div class=\"elementor-widget-container\">\n\t\t\t<h2 class=\"elementor-heading-title elementor-size-default\"><br>Fundadores<br><\/h2>\t\t<\/div>\n\t\t\t\t<\/div>\n\t\t\t\t\t\t<\/div>\n\t\t\t\t\t<\/div>\n\t\t<\/div>\n\t\t\t\t\t\t\t\t<\/div>\n\t\t\t\t\t<\/div>\n\t\t<\/section>\n\t\t\t\t<section class=\"has_eae_slider elementor-section elementor-top-section elementor-element elementor-element-6adb8e1 elementor-section-height-min-height fundadores-container elementor-section-boxed elementor-section-height-default elementor-section-items-middle\" data-id=\"6adb8e1\" data-element_type=\"section\">\n\t\t\t\t\t\t<div class=\"elementor-container elementor-column-gap-default\">\n\t\t\t\t\t\t\t<div class=\"elementor-row\">\n\t\t\t\t\t<div class=\"has_eae_slider elementor-column elementor-col-50 elementor-top-column elementor-element elementor-element-cca42d7\" data-id=\"cca42d7\" data-element_type=\"column\">\n\t\t\t<div class=\"elementor-column-wrap elementor-element-populated\">\n\t\t\t\t\t\t\t<div class=\"elementor-widget-wrap\">\n\t\t\t\t\t\t<div class=\"elementor-element elementor-element-5880a29 elementor-widget elementor-widget-html\" data-id=\"5880a29\" data-element_type=\"widget\" data-widget_type=\"html.default\">\n\t\t\t\t<div class=\"elementor-widget-container\">\n\t\t\t<div class=\"founder\">\n    <img src=\"http:\/\/webdev02.ticnux.com\/dicere\/wp-content\/uploads\/ray_jao.png\">\n    \n    <div class=\"name\">DR. JAY RAO<\/div>\n    <div class=\"title\">Fundador de  InnoQuotient SL.<\/div>\n    <div class=\"title\">Profesor de Estrategia e Innovaci\u00f3n en Babson College (Boston).\n<\/div>\n    <div class=\"title\">Junto con Joseph Weintraub es el creador del Modelo de Cultura de la Innovaci\u00f3n.\n\n<\/div>\n    \n    <div class=\"description\">\n        <p>Sus \u00e1reas de investigaci\u00f3n, docencia y consultor\u00eda se centran en Innovaci\u00f3n, iniciativas de innovaci\u00f3n dentro de las empresas, liderazgo empresarial, cultura de innovaci\u00f3n e innovaci\u00f3n en la experiencia del cliente.\n<\/p>\n        <p>\nEl Dr. Rao ha liderado programas ejecutivos y\/o ha sido consultor para Novartis, Fresenius Medical Care, Pernod Ricard, Medtronic, Pictet, BBVA, BAE Systems, U.S. Navy, SABIC, Merck, EMC, Scania, Google India, Honeywell India, Baxter, Bayer, PWC, Assa Abloy Americas, Repsol, Iberdrola, Fidelity, Merrill Lynch, Boston Scientific, Vanke, entre otros. \n\n\n        <\/p>\n        <p>\nProviene de una empresa familiar de 75 a\u00f1os de solera y es miembro del Consejo de Hymamshu College (India). Forma parte del Strategic Advisory Board de Andor Health, US. \n<\/p>\n       \n        <p>\n          Coautor de <i>Innovaci\u00f3n 2.0<\/i> y <i>The Discipline & Culture of Innovation<\/i> (junto a Fran Chuan). Sus investigaciones han aparecido en The Sloan Management Review, Journal of Innovative Management, The European Business Review, The European Financial Review, Cornell Hotel and Restaurant Administration Quarterly, entre otros.\n<\/p>\n    <\/div>\n  \n <div class=\"founder-networks\">\n     <span class=\"bold\">LK: <\/span><a href=\"https:\/\/www.linkedin.com\/in\/raoj\/\" target=\"_blank\">raoj<\/a><br\/>\n     <span class=\"bold\">TW: <\/span><a href=\"https:\/\/twitter.com\/innoyogi\" target=\"_blank\">innoyogi<\/a><br\/>\n     <span><a href=\"mailto:raoj@babson.edu\">raoj@babson.edu<\/a><\/span>\n <\/div>\n<\/div>\t\t<\/div>\n\t\t\t\t<\/div>\n\t\t\t\t\t\t<\/div>\n\t\t\t\t\t<\/div>\n\t\t<\/div>\n\t\t\t\t<div class=\"has_eae_slider elementor-column elementor-col-50 elementor-top-column elementor-element elementor-element-989c14b\" data-id=\"989c14b\" data-element_type=\"column\">\n\t\t\t<div class=\"elementor-column-wrap elementor-element-populated\">\n\t\t\t\t\t\t\t<div class=\"elementor-widget-wrap\">\n\t\t\t\t\t\t<div class=\"elementor-element elementor-element-c7fd8d7 elementor-widget elementor-widget-html\" data-id=\"c7fd8d7\" data-element_type=\"widget\" data-widget_type=\"html.default\">\n\t\t\t\t<div class=\"elementor-widget-container\">\n\t\t\t<div class=\"founder\">\n    <img src=\"http:\/\/webdev02.ticnux.com\/dicere\/wp-content\/uploads\/fran_chuan-1.png\">\n    <div class=\"name\">FRAN CHUAN<\/div>\n    \n    <div class=\"title\">Socio Fundador de InnoQuotient SL.\n<\/div>\n<div class=\"title\">\n    Innovation advisor, innovation ecosystem coach, trusted advisor, escritor y conferenciante.\n<\/div>\n<div class=\"title\">Socio Fundador de <a href=\"https:\/\/franchuan.com\/\">FranChuan.com<\/a> <\/div>\n    <div class=\"description\">\n        <p>\n          Es speaker internacional e imparte charlas y talleres sobre innovaci\u00f3n desde diferentes enfoques. En especial, Fran inspira a las personas a trav\u00e9s de sus ponencias para que implanten una cultura de la innovaci\u00f3n en sus organizaciones. \n\n        <\/p>\n        <p>Ha colaborado en empresas como Airbus, Repsol, Thales, Entrepinares, Gamesa, Celgene, Merck, Rittal, Reckitt Benckiser, Cimsa, Leroy Merlin, Condis, Amphos21, Ledesma, Bancolombia, Diproinduca Toronto, Grupo Campos, CBC y Prosegur en Lima, ANDI Medell\u00edn y C\u00e1mara de Comercio de Bogot\u00e1, entre otras. Su principal objetivo consiste en dar acompa\u00f1amiento a las organizaciones en su transformaci\u00f3n cultural para obtener resultados innovadores y fomentar la Cultura de la Innovaci\u00f3n.  \n<\/p>\n        <p>Trusted Advisor de diferentes Consejos de Direcci\u00f3n en empresas nacionales e internacionales.\n\n<\/p>\n        <p>Miembro del Advisory Board del Digital Future Society, programa del Mobile World Capital, Barcelona.\n\n<\/p>\n        <p>Colabora con Babson en Boston, PAD en Per\u00fa, IESE en Espa\u00f1a y Alemania y EDEM en Espa\u00f1a.\n\n<\/p>\n<p>\n    Coautor de <i>Innovaci\u00f3n 2.0<\/i> y <i>The Discipline & Culture of Innovation<\/i> (ambos junto al profesor Jay Rao), y autor de <i>Autenticidad.<\/i>\n\n<\/p>\n    <\/div>\n    \n     <div class=\"founder-networks\">\n     <span class=\"bold\">LK: <\/span><a href=\"https:\/\/www.linkedin.com\/in\/franchuan\/?originalSubdomain=es\" target=\"_blank\">franchuan<\/a><br\/>\n      <span class=\"bold\">TW: <\/span><a href=\"https:\/\/twitter.com\/fchuan\" target=\"_blank\">fchuan<\/a><br\/>\n     <span><a href=\"mailto:fchuan@franchuan.com\">fchuan@franchuan.com<\/a><\/span>\n<\/div>\n<\/div>\t\t<\/div>\n\t\t\t\t<\/div>\n\t\t\t\t\t\t<\/div>\n\t\t\t\t\t<\/div>\n\t\t<\/div>\n\t\t\t\t\t\t\t\t<\/div>\n\t\t\t\t\t<\/div>\n\t\t<\/section>\n\t\t\t\t<section class=\"has_eae_slider elementor-section elementor-top-section elementor-element elementor-element-0ab287c elementor-section-boxed elementor-section-height-default elementor-section-height-default\" data-id=\"0ab287c\" data-element_type=\"section\" data-settings=\"{&quot;background_background&quot;:&quot;classic&quot;}\">\n\t\t\t\t\t\t<div class=\"elementor-container elementor-column-gap-default\">\n\t\t\t\t\t\t\t<div class=\"elementor-row\">\n\t\t\t\t\t<div class=\"has_eae_slider elementor-column elementor-col-100 elementor-top-column elementor-element elementor-element-2b44d51\" data-id=\"2b44d51\" data-element_type=\"column\">\n\t\t\t<div class=\"elementor-column-wrap elementor-element-populated\">\n\t\t\t\t\t\t\t<div class=\"elementor-widget-wrap\">\n\t\t\t\t\t\t<div class=\"elementor-element elementor-element-31723ff titulo elementor-widget elementor-widget-heading\" data-id=\"31723ff\" data-element_type=\"widget\" data-widget_type=\"heading.default\">\n\t\t\t\t<div class=\"elementor-widget-container\">\n\t\t\t<h2 class=\"elementor-heading-title elementor-size-default\">\u00bfC\u00f3mo podemos ayudarte?<\/h2>\t\t<\/div>\n\t\t\t\t<\/div>\n\t\t\t\t<div class=\"elementor-element elementor-element-02583f2 elementor-widget elementor-widget-shortcode\" data-id=\"02583f2\" data-element_type=\"widget\" data-widget_type=\"shortcode.default\">\n\t\t\t\t<div class=\"elementor-widget-container\">\n\t\t\t\t\t<div class=\"elementor-shortcode\"><div role=\"form\" class=\"wpcf7\" id=\"wpcf7-f371-o1\" lang=\"en-US\" dir=\"ltr\">\n<div class=\"screen-reader-response\"><p role=\"status\" aria-live=\"polite\" aria-atomic=\"true\"><\/p> <ul><\/ul><\/div>\n<form action=\"\/dicere\/wp-json\/wp\/v2\/pages\/664#wpcf7-f371-o1\" method=\"post\" class=\"wpcf7-form init\" novalidate=\"novalidate\" data-status=\"init\">\n<div style=\"display: none;\">\n<input type=\"hidden\" name=\"_wpcf7\" value=\"371\" \/>\n<input type=\"hidden\" name=\"_wpcf7_version\" value=\"5.5.4\" \/>\n<input type=\"hidden\" name=\"_wpcf7_locale\" value=\"en_US\" \/>\n<input type=\"hidden\" name=\"_wpcf7_unit_tag\" value=\"wpcf7-f371-o1\" \/>\n<input type=\"hidden\" name=\"_wpcf7_container_post\" value=\"0\" \/>\n<input type=\"hidden\" name=\"_wpcf7_posted_data_hash\" value=\"\" \/>\n<input type=\"hidden\" name=\"_wpcf7_recaptcha_response\" value=\"\" \/>\n<\/div>\n<div id=\"responsive-form\" class=\"clearfix\">\n<div class=\"form-row\">\n<div class=\"column-half\">Nombre <span class=\"wpcf7-form-control-wrap first-name\"><input type=\"text\" name=\"first-name\" value=\"\" size=\"40\" class=\"wpcf7-form-control wpcf7-text wpcf7-validates-as-required\" aria-required=\"true\" aria-invalid=\"false\" \/><\/span><\/div>\n<div class=\"column-half\">Apellidos <span class=\"wpcf7-form-control-wrap last-name\"><input type=\"text\" name=\"last-name\" value=\"\" size=\"40\" class=\"wpcf7-form-control wpcf7-text wpcf7-validates-as-required\" aria-required=\"true\" aria-invalid=\"false\" \/><\/span><\/div>\n<\/div>\n<div class=\"form-row\">\n<div class=\"column-half\">Email <span class=\"wpcf7-form-control-wrap your-email\"><input type=\"email\" name=\"your-email\" value=\"\" size=\"40\" class=\"wpcf7-form-control wpcf7-text wpcf7-email wpcf7-validates-as-required wpcf7-validates-as-email\" aria-required=\"true\" aria-invalid=\"false\" \/><\/span><\/div>\n<div class=\"column-half\">Tel\u00e9fono <span class=\"wpcf7-form-control-wrap your-phone\"><input type=\"text\" name=\"your-phone\" value=\"\" size=\"40\" class=\"wpcf7-form-control wpcf7-text\" aria-invalid=\"false\" \/><\/span><\/div>\n<\/div>\n<div class=\"form-row\">\n<div class=\"column-half\">Empresa <span class=\"wpcf7-form-control-wrap your-company\"><input type=\"text\" name=\"your-company\" value=\"\" size=\"40\" class=\"wpcf7-form-control wpcf7-text\" aria-invalid=\"false\" \/><\/span><\/div>\n<div class=\"column-half\">Cargo <span class=\"wpcf7-form-control-wrap your-position\"><input type=\"text\" name=\"your-position\" value=\"\" size=\"40\" class=\"wpcf7-form-control wpcf7-text\" aria-invalid=\"false\" \/><\/span><\/div>\n<\/div>\n<div class=\"form-row\">\n<div class=\"column-full\">Tu mensaje  <span class=\"wpcf7-form-control-wrap your-message\"><textarea name=\"your-message\" cols=\"40\" rows=\"10\" class=\"wpcf7-form-control wpcf7-textarea wpcf7-validates-as-required\" aria-required=\"true\" aria-invalid=\"false\"><\/textarea><\/span><\/div>\n<\/div>\n<p><span class=\"wpcf7-form-control-wrap acceptance-356\"><span class=\"wpcf7-form-control wpcf7-acceptance\"><span class=\"wpcf7-list-item\"><label><input type=\"checkbox\" name=\"acceptance-356\" value=\"1\" aria-invalid=\"false\" \/><span class=\"wpcf7-list-item-label\">Consiento el uso de mis datos para los fines indicados en la <a href=\"http:\/\/webdev02.ticnux.com\/dicere\/privacidad\/?lang=es\">pol\u00edtica de privacidad <\/a>. <span style=\"color:#919191;\">(Requerido)<\/span><\/span><\/label><\/span><\/span><\/span><br \/>\n<span class=\"wpcf7-form-control-wrap acceptance-293\"><span class=\"wpcf7-form-control wpcf7-acceptance optional\"><span class=\"wpcf7-list-item\"><label><input type=\"checkbox\" name=\"acceptance-293\" value=\"1\" aria-invalid=\"false\" \/><span class=\"wpcf7-list-item-label\">Consiento el uso de mis datos personales para recibir publicidad de su entidad.<\/span><\/label><\/span><\/span><\/span><\/p>\n<div class=\"form-row\">\n<div class=\"column-full\"><input type=\"submit\" value=\"Enviar\" class=\"wpcf7-form-control has-spinner wpcf7-submit\" \/><\/div>\n<\/div>\n<\/div>\n<p><!--end responsive-form--><\/p>\n<div class=\"wpcf7-response-output\" aria-hidden=\"true\"><\/div><\/form><\/div><\/div>\n\t\t\t\t<\/div>\n\t\t\t\t<\/div>\n\t\t\t\t\t\t<\/div>\n\t\t\t\t\t<\/div>\n\t\t<\/div>\n\t\t\t\t\t\t\t\t<\/div>\n\t\t\t\t\t<\/div>\n\t\t<\/section>\n\t\t\t\t\t\t<\/div>\n\t\t\t\t\t\t<\/div>\n\t\t\t\t\t<\/div>\n\t\t","protected":false},"excerpt":{"rendered":"<p>Fundadores DR. JAY RAO Fundador de InnoQuotient SL. Profesor de Estrategia e Innovaci\u00f3n en Babson College (Boston). Junto con Joseph Weintraub es el creador del Modelo de Cultura de la Innovaci\u00f3n. Sus \u00e1reas de investigaci\u00f3n, docencia y consultor\u00eda se centran en Innovaci\u00f3n, iniciativas de innovaci\u00f3n dentro de las empresas, liderazgo empresarial, cultura de innovaci\u00f3n e [&hellip;]<\/p>\n","protected":false},"author":1,"featured_media":0,"parent":0,"menu_order":0,"comment_status":"closed","ping_status":"closed","template":"home-template.php","meta":[],"_links":{"self":[{"href":"http:\/\/webdev02.ticnux.com\/dicere\/wp-json\/wp\/v2\/pages\/664"}],"collection":[{"href":"http:\/\/webdev02.ticnux.com\/dicere\/wp-json\/wp\/v2\/pages"}],"about":[{"href":"http:\/\/webdev02.ticnux.com\/dicere\/wp-json\/wp\/v2\/types\/page"}],"author":[{"embeddable":true,"href":"http:\/\/webdev02.ticnux.com\/dicere\/wp-json\/wp\/v2\/users\/1"}],"replies":[{"embeddable":true,"href":"http:\/\/webdev02.ticnux.com\/dicere\/wp-json\/wp\/v2\/comments?post=664"}],"version-history":[{"count":67,"href":"http:\/\/webdev02.ticnux.com\/dicere\/wp-json\/wp\/v2\/pages\/664\/revisions"}],"predecessor-version":[{"id":5144,"href":"http:\/\/webdev02.ticnux.com\/dicere\/wp-json\/wp\/v2\/pages\/664\/revisions\/5144"}],"wp:attachment":[{"href":"http:\/\/webdev02.ticnux.com\/dicere\/wp-json\/wp\/v2\/media?parent=664"}],"curies":[{"name":"wp","href":"https:\/\/api.w.org\/{rel}","templated":true}]}}